{"id":822,"date":"2021-02-05T19:54:18","date_gmt":"2021-02-05T18:54:18","guid":{"rendered":"https:\/\/orphea-info.fr\/?page_id=822"},"modified":"2025-10-01T20:29:54","modified_gmt":"2025-10-01T18:29:54","slug":"telecharger-le-reglement","status":"publish","type":"page","link":"https:\/\/orphea-info.fr\/index.php\/telecharger-le-reglement\/","title":{"rendered":"R\u00e8glement int\u00e9rieur"},"content":{"rendered":"\n<p>Le r\u00e8glement int\u00e9rieur, valid\u00e9 par l&rsquo;assembl\u00e9e g\u00e9n\u00e9rale, regroupe les consignes du r\u00e8glement de copropri\u00e9t\u00e9 et les r\u00e9solutions adopt\u00e9es lors des assembl\u00e9es g\u00e9n\u00e9rales depuis 2004.<br>Il s&rsquo;applique \u00e0 tous les r\u00e9sidents des b\u00e2timents Orph\u00e9a 1 et Orph\u00e9a 2.<\/p>\n\n\n\n<p class=\"has-text-align-center\"><a href=\"http:\/\/orphea-info.fr\/wp-content\/uploads\/2025\/10\/Reglement-interieur-oct-2025.pdf\">T\u00e9l\u00e9charger le r\u00e8glement int\u00e9rieur <\/a><\/p>\n\n\n\n<p><\/p>\n","protected":false},"excerpt":{"rendered":"<p>Le r\u00e8glement int\u00e9rieur, valid\u00e9 par l&rsquo;assembl\u00e9e g\u00e9n\u00e9rale, regroupe les consignes du r\u00e8glement de copropri\u00e9t\u00e9 et les r\u00e9solutions adopt\u00e9es lors des assembl\u00e9es g\u00e9n\u00e9rales depuis 2004.Il s&rsquo;applique \u00e0 tous les r\u00e9sidents des b\u00e2timents Orph\u00e9a 1 et Orph\u00e9a 2. T\u00e9l\u00e9charger le r\u00e8glement int\u00e9rieur<\/p>\n","protected":false},"author":1,"featured_media":0,"parent":0,"menu_order":0,"comment_status":"closed","ping_status":"closed","template":"","meta":{"footnotes":""},"class_list":["post-822","page","type-page","status-publish","hentry"],"_links":{"self":[{"href":"https:\/\/orphea-info.fr\/index.php\/wp-json\/wp\/v2\/pages\/822","targetHints":{"allow":["GET"]}}],"collection":[{"href":"https:\/\/orphea-info.fr\/index.php\/wp-json\/wp\/v2\/pages"}],"about":[{"href":"https:\/\/orphea-info.fr\/index.php\/wp-json\/wp\/v2\/types\/page"}],"author":[{"embeddable":true,"href":"https:\/\/orphea-info.fr\/index.php\/wp-json\/wp\/v2\/users\/1"}],"replies":[{"embeddable":true,"href":"https:\/\/orphea-info.fr\/index.php\/wp-json\/wp\/v2\/comments?post=822"}],"version-history":[{"count":12,"href":"https:\/\/orphea-info.fr\/index.php\/wp-json\/wp\/v2\/pages\/822\/revisions"}],"predecessor-version":[{"id":1222,"href":"https:\/\/orphea-info.fr\/index.php\/wp-json\/wp\/v2\/pages\/822\/revisions\/1222"}],"wp:attachment":[{"href":"https:\/\/orphea-info.fr\/index.php\/wp-json\/wp\/v2\/media?parent=822"}],"curies":[{"name":"wp","href":"https:\/\/api.w.org\/{rel}","templated":true}]}}