{"id":796,"date":"2021-01-20T22:06:44","date_gmt":"2021-01-20T21:06:44","guid":{"rendered":"https:\/\/orphea-info.fr\/?page_id=796"},"modified":"2021-01-26T12:52:44","modified_gmt":"2021-01-26T11:52:44","slug":"politique-de-confidentialite","status":"publish","type":"page","link":"https:\/\/orphea-info.fr\/index.php\/politique-de-confidentialite\/","title":{"rendered":"Politique de confidentialit\u00e9"},"content":{"rendered":"\n<p><strong>Qui sommes-nous&nbsp;?<\/strong><\/p>\n\n\n\n<p>Le site est g\u00e9r\u00e9 par les conseils syndicaux d&rsquo;Orph\u00e9a 1, d&rsquo; Orph\u00e9a 2 et de  l&rsquo;ASL<\/p>\n\n\n\n<p>C&rsquo;est un site d&rsquo;information. <br>Il n&rsquo;y a pas de possibilit\u00e9 d&rsquo;y laisser des commentaires. Si vous souhaitez vous exprimer, utilisez le formulaire de contact.<\/p>\n\n\n\n<p>L\u2019adresse du site est\u00a0: <a href=\"https:\/\/orphea-info.fr\">https:\/\/orphea-info.fr<\/a><\/p>\n\n\n\n<p><strong>Utilisation des donn\u00e9es personnelles collect\u00e9es<\/strong><\/p>\n\n\n\n<ul class=\"wp-block-list\"><li><strong>Formulaires de contact<\/strong>  : les donn\u00e9es enregistr\u00e9es sur le formulaire de contact (adresse mail et message) sont transmises au webmestre du site (conseil syndical). Elles sont effac\u00e9es apr\u00e8s traitement du message.<\/li><li><strong>Formulaire d&rsquo;abonnement<\/strong> : Les donn\u00e9es nom, pr\u00e9nom, adresse mail, immeuble, sont conserv\u00e9es pendant la dur\u00e9e de votre abonnement \u00e0 la lettre d&rsquo;information. Si vous d\u00e9m\u00e9nagez, ou si vous vous d\u00e9sabonnez de la lettre, vos donn\u00e9es sont effac\u00e9es. Vous avez la possibilit\u00e9 de g\u00e9rer votre abonnement ou de vous d\u00e9sabonner directement depuis les lettres re\u00e7ues.<\/li><\/ul>\n\n\n\n<p><strong>Cookies<\/strong><\/p>\n\n\n\n<p>Si vous vous rendez sur la page de connexion, un cookie temporaire sera cr\u00e9\u00e9 afin de d\u00e9terminer si votre navigateur accepte les cookies. Il ne contient pas de donn\u00e9es personnelles et sera supprim\u00e9 automatiquement \u00e0 la fermeture de votre navigateur.<\/p>\n\n\n\n<p>Lorsque vous vous connecterez, nous mettrons en place un certain nombre de cookies pour enregistrer vos informations de connexion et vos pr\u00e9f\u00e9rences d\u2019\u00e9cran. La dur\u00e9e de vie d\u2019un cookie de connexion est de deux jours, celle d\u2019un cookie d\u2019option d\u2019\u00e9cran est d\u2019un an. Si vous cochez \u00ab&nbsp;Se souvenir de moi&nbsp;\u00bb, votre cookie de connexion sera conserv\u00e9 pendant deux semaines. Si vous vous d\u00e9connectez de votre compte, le cookie de connexion sera effac\u00e9.<\/p>\n\n\n\n<p>En modifiant ou en publiant une publication, un cookie suppl\u00e9mentaire sera enregistr\u00e9 dans votre navigateur. Ce cookie ne comprend aucune donn\u00e9e personnelle. Il indique simplement l\u2019ID de la publication que vous venez de modifier. Il expire au bout d\u2019un jour.<\/p>\n\n\n\n<h3 class=\"wp-block-heading\"><strong>Contenu embarqu\u00e9 depuis d\u2019autres sites<\/strong><\/h3>\n\n\n\n<p>Les articles de ce site peuvent inclure des contenus int\u00e9gr\u00e9s (par exemple des vid\u00e9os, images, articles\u2026). Le contenu int\u00e9gr\u00e9 depuis d\u2019autres sites se comporte de la m\u00eame mani\u00e8re que si le visiteur se rendait sur cet autre site.<\/p>\n\n\n\n<p>Ces sites web pourraient collecter des donn\u00e9es sur vous, utiliser des cookies, embarquer des outils de suivis tiers, suivre vos interactions avec ces contenus embarqu\u00e9s si vous disposez d\u2019un compte connect\u00e9 sur leur site web.<\/p>\n\n\n\n<p><strong>Dur\u00e9es de stockage de vos donn\u00e9es<\/strong><\/p>\n\n\n\n<p>Pour les comptes qui s\u2019inscrivent sur notre site (le cas \u00e9ch\u00e9ant), nous stockons \u00e9galement les donn\u00e9es personnelles indiqu\u00e9es dans leur profil. Tous les comptes peuvent voir, modifier ou supprimer leurs informations personnelles \u00e0 tout moment (\u00e0 l\u2019exception de leur identifiant). Les gestionnaires du site peuvent aussi voir et modifier ces informations.<\/p>\n\n\n\n<p><strong>Les droits que vous avez sur vos donn\u00e9es<\/strong><\/p>\n\n\n\n<p>Si vous avez un compte , vous pouvez demander \u00e0 recevoir un fichier contenant toutes les donn\u00e9es personnelles que nous poss\u00e9dons \u00e0 votre sujet, incluant celles que vous nous avez fournies. Vous pouvez \u00e9galement demander la suppression des donn\u00e9es personnelles vous concernant. <\/p>\n\n\n\n<p><strong>Transmission de vos donn\u00e9es personnelles<\/strong><\/p>\n\n\n\n<p>Les adresses mails ne sont pas transmises \u00e0 quiconque.<\/p>\n\n\n\n<p><strong>Informations suppl\u00e9mentaires<\/strong><\/p>\n\n\n\n<h3 class=\"wp-block-heading\">Les donn\u00e9es nom, prenom, adresse mail, immeuble, statut sont conserv\u00e9es pendant la dur\u00e9e de votre abonnement \u00e0 la lettre d&rsquo;information. Si vous d\u00e9m\u00e9nagez, ou si vous vous d\u00e9sabonnez de la lettre, vos donn\u00e9es sont effac\u00e9es.<\/h3>\n\n\n\n<p><\/p>\n","protected":false},"excerpt":{"rendered":"<p>Qui sommes-nous&nbsp;? Le site est g\u00e9r\u00e9 par les conseils syndicaux d&rsquo;Orph\u00e9a 1, d&rsquo; Orph\u00e9a 2 et de l&rsquo;ASL C&rsquo;est un site d&rsquo;information. Il n&rsquo;y a pas de possibilit\u00e9 d&rsquo;y laisser des commentaires. Si vous souhaitez vous exprimer, utilisez le formulaire &hellip; <a href=\"https:\/\/orphea-info.fr\/index.php\/politique-de-confidentialite\/\">Continuer la lecture <span class=\"meta-nav\">&rarr;<\/span><\/a><\/p>\n","protected":false},"author":1,"featured_media":0,"parent":0,"menu_order":0,"comment_status":"closed","ping_status":"closed","template":"","meta":{"footnotes":""},"class_list":["post-796","page","type-page","status-publish","hentry"],"_links":{"self":[{"href":"https:\/\/orphea-info.fr\/index.php\/wp-json\/wp\/v2\/pages\/796","targetHints":{"allow":["GET"]}}],"collection":[{"href":"https:\/\/orphea-info.fr\/index.php\/wp-json\/wp\/v2\/pages"}],"about":[{"href":"https:\/\/orphea-info.fr\/index.php\/wp-json\/wp\/v2\/types\/page"}],"author":[{"embeddable":true,"href":"https:\/\/orphea-info.fr\/index.php\/wp-json\/wp\/v2\/users\/1"}],"replies":[{"embeddable":true,"href":"https:\/\/orphea-info.fr\/index.php\/wp-json\/wp\/v2\/comments?post=796"}],"version-history":[{"count":4,"href":"https:\/\/orphea-info.fr\/index.php\/wp-json\/wp\/v2\/pages\/796\/revisions"}],"predecessor-version":[{"id":818,"href":"https:\/\/orphea-info.fr\/index.php\/wp-json\/wp\/v2\/pages\/796\/revisions\/818"}],"wp:attachment":[{"href":"https:\/\/orphea-info.fr\/index.php\/wp-json\/wp\/v2\/media?parent=796"}],"curies":[{"name":"wp","href":"https:\/\/api.w.org\/{rel}","templated":true}]}}