{"id":162,"date":"2017-06-12T14:15:36","date_gmt":"2017-06-12T12:15:36","guid":{"rendered":"http:\/\/orphea-info.fr\/?page_id=162"},"modified":"2017-06-12T14:19:56","modified_gmt":"2017-06-12T12:19:56","slug":"contrats-dentretien","status":"publish","type":"page","link":"https:\/\/orphea-info.fr\/index.php\/contrats-dentretien\/","title":{"rendered":"Contrats d&rsquo;entretien"},"content":{"rendered":"<p><span style=\"color: #000000;\">Entreprises ayant pass\u00e9 un contrat d&rsquo;entretien avec la r\u00e9sidence<\/span><\/p>\n<ul>\n<li><span style=\"color: #000000;\">Ascenseurs : Kon\u00e9\u00a0<\/span><\/li>\n<li>M\u00e9nage<\/li>\n<li><\/li>\n<\/ul>\n","protected":false},"excerpt":{"rendered":"<p>Entreprises ayant pass\u00e9 un contrat d&rsquo;entretien avec la r\u00e9sidence Ascenseurs : Kon\u00e9\u00a0 M\u00e9nage<\/p>\n","protected":false},"author":1,"featured_media":0,"parent":0,"menu_order":0,"comment_status":"closed","ping_status":"closed","template":"","meta":{"footnotes":""},"class_list":["post-162","page","type-page","status-publish","hentry"],"_links":{"self":[{"href":"https:\/\/orphea-info.fr\/index.php\/wp-json\/wp\/v2\/pages\/162","targetHints":{"allow":["GET"]}}],"collection":[{"href":"https:\/\/orphea-info.fr\/index.php\/wp-json\/wp\/v2\/pages"}],"about":[{"href":"https:\/\/orphea-info.fr\/index.php\/wp-json\/wp\/v2\/types\/page"}],"author":[{"embeddable":true,"href":"https:\/\/orphea-info.fr\/index.php\/wp-json\/wp\/v2\/users\/1"}],"replies":[{"embeddable":true,"href":"https:\/\/orphea-info.fr\/index.php\/wp-json\/wp\/v2\/comments?post=162"}],"version-history":[{"count":3,"href":"https:\/\/orphea-info.fr\/index.php\/wp-json\/wp\/v2\/pages\/162\/revisions"}],"predecessor-version":[{"id":165,"href":"https:\/\/orphea-info.fr\/index.php\/wp-json\/wp\/v2\/pages\/162\/revisions\/165"}],"wp:attachment":[{"href":"https:\/\/orphea-info.fr\/index.php\/wp-json\/wp\/v2\/media?parent=162"}],"curies":[{"name":"wp","href":"https:\/\/api.w.org\/{rel}","templated":true}]}}