{"id":200,"date":"2017-06-13T11:19:02","date_gmt":"2017-06-13T09:19:02","guid":{"rendered":"http:\/\/orphea-info.fr\/?page_id=200"},"modified":"2020-03-28T16:34:54","modified_gmt":"2020-03-28T15:34:54","slug":"encombrants","status":"publish","type":"page","link":"http:\/\/orphea-info.fr\/index.php\/encombrants\/","title":{"rendered":"Encombrants"},"content":{"rendered":"<p><span style=\"color: #000000;\">Les encombrants ne doivent pas \u00eatre d\u00e9pos\u00e9s dans les locaux poubelles ni entrepos\u00e9s dans le parking.<\/span><\/p>\n<p><span style=\"color: #000000;\">Le ramassage est organis\u00e9 par la ville de Montrouge tous les lundis.\u00a0<\/span><span style=\"color: #000000;\">Les objets encombrants doivent \u00eatre d\u00e9pos\u00e9s sur les trottoirs \u00e0 partir de 20 h le dimanche jusqu\u2019au lundi avant 6 h, et uniquement \u00e0 ce moment l\u00e0 !<a href=\"https:\/\/www.ville-montrouge.fr\/713-encombrants.htm\" target=\"_blank\" rel=\"noopener noreferrer\"><span style=\"color: #000025;\"> Voir les d\u00e9tails<\/span><\/a><\/span><\/p>\n<p><span style=\"color: #000000;\">Les gravats ou d\u00e9chets dangereux sont \u00e0 porter \u00e0 la<\/span>\u00a0<span style=\"color: #ff0000;\"><a href=\"https:\/\/www.ville-montrouge.fr\/712-dechets-toxiques.htm\" target=\"_blank\" rel=\"noopener noreferrer\">d\u00e9ch\u00e8terie<\/a><\/span><\/p>\n\n\n<p><\/p>\n","protected":false},"excerpt":{"rendered":"<p>Les encombrants ne doivent pas \u00eatre d\u00e9pos\u00e9s dans les locaux poubelles ni entrepos\u00e9s dans le parking. Le ramassage est organis\u00e9 par la ville de Montrouge tous les lundis.\u00a0Les objets encombrants doivent \u00eatre d\u00e9pos\u00e9s sur les trottoirs \u00e0 partir de 20 &hellip; <a href=\"http:\/\/orphea-info.fr\/index.php\/encombrants\/\">Continuer la lecture <span class=\"meta-nav\">&rarr;<\/span><\/a><\/p>\n","protected":false},"author":1,"featured_media":0,"parent":0,"menu_order":0,"comment_status":"closed","ping_status":"closed","template":"","meta":{"footnotes":""},"class_list":["post-200","page","type-page","status-publish","hentry"],"_links":{"self":[{"href":"http:\/\/orphea-info.fr\/index.php\/wp-json\/wp\/v2\/pages\/200","targetHints":{"allow":["GET"]}}],"collection":[{"href":"http:\/\/orphea-info.fr\/index.php\/wp-json\/wp\/v2\/pages"}],"about":[{"href":"http:\/\/orphea-info.fr\/index.php\/wp-json\/wp\/v2\/types\/page"}],"author":[{"embeddable":true,"href":"http:\/\/orphea-info.fr\/index.php\/wp-json\/wp\/v2\/users\/1"}],"replies":[{"embeddable":true,"href":"http:\/\/orphea-info.fr\/index.php\/wp-json\/wp\/v2\/comments?post=200"}],"version-history":[{"count":3,"href":"http:\/\/orphea-info.fr\/index.php\/wp-json\/wp\/v2\/pages\/200\/revisions"}],"predecessor-version":[{"id":616,"href":"http:\/\/orphea-info.fr\/index.php\/wp-json\/wp\/v2\/pages\/200\/revisions\/616"}],"wp:attachment":[{"href":"http:\/\/orphea-info.fr\/index.php\/wp-json\/wp\/v2\/media?parent=200"}],"curies":[{"name":"wp","href":"https:\/\/api.w.org\/{rel}","templated":true}]}}